te (2 - 7 - -13) + -5.
3
Calculate 1 + 5 - (-1 - -7).
0
What is (1 - (6 + -3)) + -10 + 14?
2
Evaluate (5 - 11) + -2 - -11.
3
(1 - -5) + 0 + -8 + 6
4
Evaluate 12 + 4 + 1 + -7.
10
Calculate 0 - -7 - (-74 + 72) - 3.
6
What is 4 - (5 + -3 + -3)?
5
-6 - (5 - 5) - -4
-2
1 - (12 - -6 - 12)
-5
Evaluate 2 - 0 - (8 - 7) - 1.
0
What is the value of -1 - ((3 - 4 - -2) + -2)?
0
What is the value of -2 + 6 + 2 - (4 - 8)?
10
What is the value of 3 + (-2 - 2) - 3?
-4
-6 + -1 + 7 + 13 + -7
6
Evaluate 5 - ((3 - (1 + -14)) + -6).
-5
What is the value of 9 - (-12 - -15 - 4)?
10
Calculate 10 + -9 + 8 - 12.
-3
-3 - -2 - (3 + -3 + -1)
0
What is the value of 4 + (-9 + 6 + -3 - -2)?
0
Calculate 5 + (0 - 0) + -1.
4
Calculate 1 - ((-8 - -3) + 9).
-3
Evaluate 2 + (-3 - -5) + (-3 - 0).
1
(45 - 48) + 0 + 3
0
What is -2 + -2 + (3 - (3 + -1))?
-3
Calculate -5 + (4 - 0) + 1 + 0.
0
What is -1 + 0 + 7 + -3?
3
What is the value of 3 + (-3 + -1 + 1 - 3)?
-3
What is 19 - (-11 + 14 - -9)?
7
Calculate -4 - (1 - 0 - 7 - 2).
4
Calculate (7 - -1) + (2 - 7) - -1.
4
Evaluate -2 + (1 - 0) + -17 + 20.
2
What is the value of 5 - -3 - (5 - 0)?
3
What is the value of 3 - (3 + 1 + -4)?
3
What is 0 - (-1 + (-4 - -2) + 4)?
-1
Evaluate 6 + -1 + -2 + -1.
2
Calculate -2 + (-5 + 1 - (-18 - -16)).
-4
(-19 - -9) + 14 + -4 + 4
4
Evaluate -6 + 7 - (7 + -10).
4
(0 + -6 - -6) + 8 + -14
-6
Calculate 9 + (10 - 23) + -4.
-8
What is the value of -1 + 0 + (2 + -1 - -3)?
3
3 - 1 - (1 - (8 + -12))
-3
Evaluate (11 - 9 - (2 - -1)) + -4.
-5
Calculate 5 + (-4 + 5 - 4) + -7.
-5
Calculate -2 + (-2 + 3 - 4).
-5
4 + (-2 - -4) + -4
2
Calculate (-54 - -55) + (0 - 4).
-3
What is 1 + -10 + -28 + 33?
-4
-3 - (-4 + 7) - -2
-4
Calculate (1 - (0 - -7)) + 1.
-5
-7 + 2 + 5 + -2
-2
What is 7 + (3 - 5) + (-5 - -1)?
1
What is the value of 7 + -5 + 0 - 7?
-5
What is -2 - (3 + -5 + 6)?
-6
0 + 2 - (-8 - (3 + -13))
0
(23 - 22) + -4 + -1
-4
What is (-1 - -4) + 2 + -10?
-5
What is -5 + 1 + -1 + 6?
1
What is the value of (-4 + 5 - (-2 - -3)) + -1?
-1
Calculate 11 - (5 + -6 + 8) - 6.
-2
Evaluate -2 + 3 + -11 + 3.
-7
What is the value of 7 - (-3 + 19 + -8)?
-1
Calculate 3 - (15 - 4 - 2).
-6
What is 3 + -3 + -3 - -2?
-1
What is the value of 16 + -8 + 7 - (2 - -5)?
8
Evaluate -6 + 4 + -6 + (-2 - -2).
-8
Evaluate 2 - 2 - 0 - (0 + -5).
5
3 - (2 + (-6 - -9 - 8))
6
Evaluate (5 - 2) + 0 + 0.
3
What is 5 + 4 + -4 - 0?
5
-2 + 1 + (6 - 6)
-1
What is the value of (28 - 18) + -8 - (-1 + 8)?
-5
What is -15 + 20 + (-8 - -2)?
-1
What is -4 + (5 - 3 - -1) + -4?
-5
-11 - (-11 + 3) - 3
-6
What is -1 + -1 + -74 + 79?
3
-8 + (0 - (-3 - 3))
-2
2 + (-10 - -1) - (0 + -6)
-1
Evaluate (2 - -1) + -1 + 0.
2
What is -6 - (-4 + (-4 - -2))?
0
(8 - 5 - -9) + -8
4
What is the value of -11 - (-16 + 18 + -13)?
0
Calculate (-10 - -21) + -11 + -2.
-2
Calculate 15 + -16 - (-3 + 4 - -3).
-5
0 + -4 + 1 + (-2 - -4)
-1
What is the value of (-1 - 1) + (5 - (-9 + 11))?
1
12 + -12 + -1 + 3
2
What is the value of -4 - (-8 - (2 + -7)) - -3?
2
Calculate (3 - 2) + -2 - -3 - 0.
2
What is the value of -1 + (-2 - (-4 - -2)) + 6?
5
(4 + -4 - 5) + 3
-2
What is the value of -1 - (-6 - (-6 + 4))?
3
What is the value of (0 - 14) + -8 + 13 + -2?
-11
Evaluate 2 + -4 + (-2 - -3) + 0.
-1
Evaluate 5 + 12 - 12 - 4.
1
(0 - -4) + -17 + 13
0
(14 + -8 - (-5 + 3)) + -5
3
-184 - -187 - (-1 + 5 - 0)
-1
What is the value of -3 - (2 - 3) - (-3 + 1)?
0
Evaluate -1 + (-8 - -14) - 12.
-7
(-2 + 7 + 2 - 2) + 3
8
What is -4 + -6 + -2 + 2 - -4?
-6
Evaluate 4 + -11 + -1 + 5.
-3
What is the value of 97 + -103 + (-1 - (0 + -7))?
0
Calculate (-4 - -4) + (-2 - 3 - -1).
-4
4 + 4 + -4 + -1
3
Calculate 3 - (12 + -15 - -4).
2
What is the value of 1 - (-4 + 1 - -3)?
1
Calculate (-1 - 0) + (-1 - (-4 - -2)).
0
What is the value of -8 + 12 - (1 - (0 + -5))?
-2
What is the value of 2 + -3 - ((3 - 1) + 0)?
-3
(8 - 4) + (-2 + 1 - -1)
4
Evaluate 5 - (3 - (0 - 3)).
-1
Calculate (-1 - -4) + 3 + -2.
4
-3 - (2 + 0 - (-1 - -2))
-4
What is the value of 0 + -3 + -9 - -5?
-7
What is the value of 9 + -13 + (-1 - 4) - -2?
-7
Calculate (3 + 4 - 6) + 1.
2
What is the value of 2 + -3 + -5 - -1?
-5
What is the value of 3 - 5 - (8 + -3 + -8)?
1
-6 + -2 + 5 + (-3 - -3)
-3
Evaluate (-3 - (-6 - -3)) + -6 + 17.
11
What is 0 + -1 + 19 + 64 + -71?
11
What is (-26 - -6 - -13) + 1?
-6
What is -8 - (-4 + -2) - (-2 - -7)?
-7
2 + (-3 - -1) + 4
4
0 - (-1 + 6 - (5 + -2))
-2
Evaluate 6 + -2 - 7 - 0.
-3
2 + 2 + (-5 + 1 - 1)
-1
-40 + 31 - (0 + 1 + -1)
-9
Calculate (-12 - -7) + (4 - 4).
-5
What is the value of 1 + 2 + (1 - 5) - 2?
-3
Evaluate 2 + (-2 + -16 - (4 + -12)).
-8
Calculate 3 - (-8 + 10 - 2).
3
What is the value of (-9 - (-11 + 6)) + 0 + -1?
-5
What is the value of (8 + -5 - -1) + -4?
0
What is (-14 + 8 - -9) + (-3 - 4)?
-4
Calculate 2 + (-4 - (-1 - 2 - -2)).
-1
Evaluate 5 + 4 - (-10 + (-1 - -14)).
6
What is 4 + -4 + -1 + 4?
3
What is -1 + -1 + 1 + (18 - 18)?
-1
(3 - (4 + -4)) + 1
4
What is the value of 0 - (3 + (2 - 5) + 4)?
-4
Evaluate 0 - (2 + 0 + -4).
2
(-23 - -22) + 0 + 7
6
Calculate 10 - (-6 + 6 - -8).
2
What is the value of -6 - (-6 - ((-2 - 2) + 8))?
4
What is the value of 3 - (4 - (5 - (0 - -5)))?
-1
Calculate 6 + -3 - (4 + -2 + -1).
2
Evaluate 0 + -2 + 3 + (3 - 8).
-4
What is (4 - 1) + (-8 - -4) + 0?
-1
What is the value of (-14 - -8) + -5 - -7?
-4
-7 + 0 + 5 + -2
-4
-2 + (5 + -2 - 4)
-3
(-7 - -15) + (-4 - 0)
4
Evaluate 4 - -1 - 9 - (2 - 11).
5
Calculate 13 + -9 - (5 - 1).
0
3 + -2 + 8 + 0 + -4
5
What is -1 - (4 + -2 - -3)?
-6
-11 + (-8 - -17) - (-7 + 0)
5
(0 - 10) + 13 + -9
-6
What is the value of 1 + (-1 - 0 - -4 - 2)?
2
5 - ((-3 - 1 - -6) + 2)
1
(-2 - -5) + -3 + 1
1
Evaluate 9 + (-2 - (-4 + 8)).
3
What is 2 + -7 + (9 - (8 + -4))?
0
4 + (4 - (-4 + 10)) + 3
5
What is 2 - (-2 - 3 - -10) - 0?
-3
Evaluate 7 + -7 - (-2 - 3).
5
What is 2 - (6 - (-7 - -17))?
6
Calculate 0 + -2 + 9 + (-3 - 0).
4
What is the value of 5 + -3 + 2 - (34 + -35)?
5
What is (4 - 2) + 15 + -14?
3
Calculate (-1 - (-7 + 9)) + 5.
2
What is 1 - (14 - 11) - -3?
1
What is 192 + -198 + 2 + 1?
-3
What is -1 + 7 + -4 - 4?
-2
What is the value of 9 + (-8 - (-6 + 5))?
2
What is the value of 4 + (-11 - (10 + -10))?
-7
4 - (-1 + 4 + -5 - -5)
1
Evaluate -2 + 4 + 2 - 1 - 1.
2
What is the value of (-8 + -2 - -9) + 7?
6
What is the value of 1 - ((-1 - -2) + -2)?
2
6 - (-6 + 17 - -5)
-10
What is the value of (-12 - (3 + -7)) + 4?
-4
Evaluate (-11 + 4 + 11 - 1) + -1.
2
What is the value of 9 - (6 + -4 - (3 - 6))?
4
What is the value of -3 + -1 + -2 + 5 + -2?
-3
Evaluate 0 - (2 + -3 + -1 + 5).
-3
Evaluate 1 - -6 - (15 - 13).
5
What is -7 + (-5 - -7) + -2 + 1?
-6
Evaluate -9 - (1 + 6 + -16).
0
What is (-3 - -2) + (-5 - -3 - -5)?
2
Evaluate (4 - (4 - -3)) + 0.
-3
Calculate (-3 - 1) + 3 - 1.
-2
What is -4 - (-8 + 13 + -3)?
-6
What is the value of -4 + -3 + 5 + 0?
-2
Evaluate (3 - 6) + (-1 - -2).
-2
Evaluate (0 - 0 - (-18 - -17)) + -2.
-1
7 - (-2 + 10 + -6) - 0
5
What is the value of (12 - 21) + 14 - 6?
-1
Evaluate (7 - (10 + -9)) + (1 - 11).
-4
Evaluate 4 + -14 + -8 + (6 - -8).
-4
What is the value of (-5 - (-4 + 5)) + 3 - -8?
5
Evaluate -11 + 1 + 2 - -15.
7
8 + -10 + (-5 - (-14 + -3))
10
(1 - (-2 - 2)) + -6
-1
What is the value of 1 + -7 + (5 - (-16 + 14))?
1
Calculate 1 + ((-1 - 2) + 4 - 4).
-2
What is -5 + (-9 - (-10 + -7))?
3
Evaluate 2 - (-2 - -1 - (-2 - -2)).
3
Evaluate (1 + 4 - 3) + -2.
0
Calculate 2 - (-2 - (-2 - 2)).
0
What is the value of -1 + 4 + -5 + 1 - 1?
-2
Evaluate 0 - (3 + (-14 - -4)).
7
Calculate -24 + 18 - (-11 + 1).
4
What is the value of 5 + (3 - (6 - -6))?
-4
Evaluate 3 - (0 + (7 - 4)) - -3.
3
Calculate (-1 - -8) + (6 - 8).
5
8 + 4 - 7 - (1 + 2)
2
What is 0 - ((2 - 1) + -2 + 2)?
-1
Calculate -5 + (6 - 1) + 4.
4
Evaluate 5 + 1 - (2 + 0 + 1).
3
Calculate 8 + -24 + 7 + 2.
-7
What is the value of 4 + (-1 - 2 - 2)?
-1
What is 10 + -4 - (10 + 6 + -2)?
-8
7 + -1 - (28 - 21)
-1
Calculate 0 - ((-12 - -6) + -2).
8
What is 0 - (-4 + 4 - -4)?
-4
Evaluate -4 - (-5 - (1 - (-1 + 2))).
1
Calculate -8 + (3 - -10) + 2 + -5.
2
Evaluate (2 - 4) + 7 + -5.
0
3 + 0 + -1 + -1
1
What is -6 + (5 + 2 - 3)?
-2
What is the value of (6 + -19 - -7 - -3) + -3?
-6
Evaluate 1 - 1 - ((-14 - -30) + -12).
-4
What is 6 + -13 - (0 - (0 + 9))?
2
Evaluate -2 - -2 - ((-2 - 7) + 12).
-3
Calculate -1 + 3 + (10 - 4 - 